tors of 1096544571?
3, 365514857
List the prime factors of 3073163995.
5, 11, 55875709
What are the prime factors of 213317898?
2, 3, 53, 670811
List the prime factors of 874943563.
13, 67303351
List the prime factors of 81786124.
2, 7, 1061, 2753
What are the prime factors of 39132257?
39132257
What are the prime factors of 61365856?
2, 29, 89, 743
List the prime factors of 433722694.
2, 443, 489529
List the prime factors of 309177468.
2, 3, 29, 47, 6301
List the prime factors of 66617308.
2, 16654327
What are the prime factors of 1350694649?
1350694649
What are the prime factors of 2709652708?
2, 7, 97, 997663
List the prime factors of 1037325048.
2, 3, 179, 241463
What are the prime factors of 24799072?
2, 83, 9337
What are the prime factors of 333711706?
2, 19, 349, 25163
List the prime factors of 4185395240.
2, 5, 13, 17, 19, 24919
What are the prime factors of 453827147?
1637, 277231
List the prime factors of 269414726.
2, 7, 613, 31393
List the prime factors of 3017832119.
3017832119
What are the prime factors of 4100563570?
2, 5, 410056357
What are the prime factors of 1769081367?
3, 589693789
What are the prime factors of 170648633?
19, 1999, 4493
What are the prime factors of 159508887?
3, 23, 37, 43, 1453
What are the prime factors of 638169521?
11, 58015411
What are the prime factors of 1532464845?
3, 5, 47, 1021, 2129
What are the prime factors of 1605707862?
2, 3, 11, 1777, 13691
What are the prime factors of 62927692?
2, 15731923
List the prime factors of 1810594262.
2, 139, 6512929
List the prime factors of 23718441.
3, 19, 31, 433
List the prime factors of 815073860.
2, 5, 1427, 28559
List the prime factors of 80216635.
5, 16043327
List the prime factors of 221123876.
2, 55280969
List the prime factors of 85868816.
2, 11, 487891
What are the prime factors of 71207153?
71207153
What are the prime factors of 951826811?
13, 103, 710849
List the prime factors of 47880459.
3, 11, 83, 5827
What are the prime factors of 157227951?
3, 17, 3082901
List the prime factors of 49716837.
3, 5524093
What are the prime factors of 2537199439?
433, 1381, 4243
What are the prime factors of 3703309932?
2, 3, 7, 44087023
What are the prime factors of 4204663222?
2, 2287, 919253
List the prime factors of 386044393.
7, 419, 18803
What are the prime factors of 345394784?
2, 7, 1541941
List the prime factors of 4522605892.
2, 7, 359, 449921
What are the prime factors of 5180387704?
2, 23, 587, 47963
List the prime factors of 242692387.
7, 29, 43, 27803
List the prime factors of 43997073.
3, 3491, 4201
List the prime factors of 221925232.
2, 293, 47339
List the prime factors of 105490392.
2, 3, 7, 627919
List the prime factors of 13816053.
3, 17, 73, 1237
What are the prime factors of 95628606?
2, 3, 15938101
What are the prime factors of 7859865?
3, 5, 13, 17, 2371
List the prime factors of 1168157959.
71, 1093, 15053
What are the prime factors of 170429160?
2, 3, 5, 11, 129113
List the prime factors of 1380650072.
2, 23, 41, 197, 929
List the prime factors of 63412346.
2, 17, 1865069
List the prime factors of 125112919.
47, 67, 593
What are the prime factors of 1017208859?
31, 32813189
List the prime factors of 70453598.
2, 35226799
What are the prime factors of 36734847?
3, 19, 103, 6257
What are the prime factors of 30917140?
2, 5, 1545857
List the prime factors of 273446246.
2, 137, 467, 2137
What are the prime factors of 272352083?
59, 919, 5023
List the prime factors of 8670220226.
2, 41, 4583, 23071
List the prime factors of 10888983.
3, 7, 307, 563
List the prime factors of 43082925.
3, 5, 574439
What are the prime factors of 35327975?
5, 593, 2383
What are the prime factors of 390180053?
390180053
What are the prime factors of 60465861?
3, 281, 23909
What are the prime factors of 286655878?
2, 143327939
What are the prime factors of 1242931340?
2, 5, 7, 43, 206467
List the prime factors of 46801974.
2, 3, 43, 283, 641
List the prime factors of 154576146.
2, 3, 23, 263, 4259
List the prime factors of 565607553.
3, 7, 26933693
List the prime factors of 315015019.
11, 28637729
List the prime factors of 26336885.
5, 5267377
List the prime factors of 20315474.
2, 829, 12253
List the prime factors of 52309176.
2, 3, 23, 193, 491
What are the prime factors of 6991135570?
2, 5, 37, 571, 33091
What are the prime factors of 27516771?
3, 827, 3697
What are the prime factors of 323377264?
2, 7, 17, 19, 1277
List the prime factors of 55078166.
2, 11, 13, 192581
List the prime factors of 1373014806.
2, 3, 41, 73, 101, 757
What are the prime factors of 71024925?
3, 5, 131, 7229
List the prime factors of 189087360.
2, 3, 5, 7, 11, 1279
List the prime factors of 31443360.
2, 3, 5, 13, 5039
List the prime factors of 351557734.
2, 11, 421, 37957
What are the prime factors of 191766902?
2, 17, 139, 40577
What are the prime factors of 1809527652?
2, 3, 619, 81203
List the prime factors of 5384550.
2, 3, 5, 35897
What are the prime factors of 23147805?
3, 5, 1543187
What are the prime factors of 4725541?
17, 137, 2029
List the prime factors of 98281094.
2, 67, 569, 1289
What are the prime factors of 187163125?
5, 347, 863
List the prime factors of 2228325836.
2, 11, 23, 47, 4259
What are the prime factors of 56551853?
191, 296083
List the prime factors of 622269297.
3, 13, 43, 509
List the prime factors of 474420046.
2, 237210023
What are the prime factors of 25404422?
2, 37, 343303
List the prime factors of 3737213120.
2, 5, 37, 315643
List the prime factors of 125299473.
3, 13, 53, 4663
What are the prime factors of 1517259164?
2, 31, 12235961
List the prime factors of 817580699.
13, 67, 97, 9677
What are the prime factors of 53016062?
2, 11, 1063, 2267
List the prime factors of 2587529508.
2, 3, 907, 237737
What are the prime factors of 42488565?
3, 5, 7, 113, 3581
What are the prime factors of 62036423?
29, 1291, 1657
List the prime factors of 3574691596.
2, 7, 47, 991, 2741
List the prime factors of 1970304875.
5, 7, 11, 204707
List the prime factors of 301416152.
2, 19, 1983001
What are the prime factors of 52761009?
3, 7, 2512429
List the prime factors of 102475253.
102475253
What are the prime factors of 66693634?
2, 7, 41, 116191
What are the prime factors of 33442173?
3, 1238599
List the prime factors of 3654549103.
67, 1811, 30119
List the prime factors of 2296474331.
2296474331
List the prime factors of 301934627.
47, 6424141
What are the prime factors of 40036878?
2, 3, 7, 29, 10957
What are the prime factors of 59065869?
3, 19688623
List the prime factors of 107448099.
3, 11, 43, 75721
List the prime factors of 520653970.
2, 5, 52065397
List the prime factors of 38638387.
38638387
List the prime factors of 476432855.
5, 95286571
What are the prime factors of 1235988298?
2, 17, 36352597
List the prime factors of 5678603736.
2, 3, 13, 43, 311, 1361
What are the prime factors of 101944869?
3, 13, 17, 153763
What are the prime factors of 6313216549?
113, 1637, 34129
List the prime factors of 150275139.
3, 7, 109, 65651
List the prime factors of 712677753.
3, 4649, 17033
List the prime factors of 336540965.
5, 61, 131, 8423
List the prime factors of 91964099.
71, 613, 2113
List the prime factors of 49510718.
2, 4139, 5981
List the prime factors of 362120906.
2, 7, 229, 112951
What are the prime factors of 209227399?
67, 3122797
What are the prime factors of 1263030963?
3, 17, 24765313
What are the prime factors of 762108449?
19, 40110971
List the prime factors of 161753600.
2, 5, 12637
List the prime factors of 30197705.
5, 1667, 3623
What are the prime factors of 88035959?
11, 179, 44711
List the prime factors of 58277229.
3, 107, 181549
List the prime factors of 1755036185.
5, 7, 43, 61, 2731
List the prime factors of 3762775518.
2, 3, 627129253
List the prime factors of 181030114.
2, 67, 631, 2141
What are the prime factors of 1944793?
73, 26641
What are the prime factors of 713132405?
5, 17, 8389793
List the prime factors of 60109579.
53, 1134143
What are the prime factors of 183605660?
2, 5, 7, 647, 2027
What are the prime factors of 552066284?
2, 7, 11, 1792423
List the prime factors of 13721004.
2, 3, 11, 34649
List the prime factors of 180468402.
2, 3, 30078067
What are the prime factors of 1420429978?
2, 11, 233, 487, 569
List the prime fact